68. What are the prime factors of z?
2, 3, 5
Suppose -3*o + 3918 = 5*j - 2783, -o + 2239 = 3*j. What are the prime factors of o?
17, 131
Let g = 3136 - 2059. What are the prime factors of g?
3, 359
Suppose 3*b - 73 - 191 = 0. Let m = 158 - b. What are the prime factors of m?
2, 5, 7
Let x = 163 - 277. Let p be (-1)/4 - x/8. What are the prime factors of (p/(-5))/((-6)/15)?
7
Suppose -1 + 0 = -3*p + 4*s, 0 = 2*p + 4*s - 34. Let w = 20 - p. List the prime factors of w.
13
Let j = 287 + -127. Suppose 5*y - j = 3*y - 2*k, -3*y - 2*k + 238 = 0. What are the prime factors of y?
2, 3, 13
Let f be 55/(-10)*(-8)/2. Suppose 0 = 3*w - 29 - f. List the prime factors of w.
17
Suppose 568 = 3*i - 7199. List the prime factors of i.
3, 863
Let u = -59 - -559. List the prime factors of u.
2, 5
List the prime factors of -5 + 4 + 5460/3.
17, 107
Suppose 10 = 4*v + 2*f, 5*v - 19 = 4*f - 0. Suppose -412 + 4 = -v*m - 2*q, -5*m + 655 = -5*q. What are the prime factors of m?
2, 67
Suppose -7 = 5*v + s - 76, 5*s = 5*v - 75. Let w = -1 + 1. Suppose w = -t + v + 1. What are the prime factors of t?
3, 5
Suppose -3*a + 25 = 22. Let u be (13/(-26))/(a/(-10)). Suppose 5*q = -t + 11, -u*q + 0*t + 2*t = -23. What are the prime factors of q?
3
Suppose 0 = -3*p + 3*v - v + 27, 5*p + 3*v = 26. What are the prime factors of (-1360)/(-7) + 10 + (-2)/p?
2, 3, 17
Let a = 8 - 8. Suppose -2*j + 17 = 3*v, a = -2*v + 4*v + 5*j - 15. What are the prime factors of v?
5
Let j be 375/8 - 6/(-48). Let h = j + -33. What are the prime factors of h?
2, 7
Let i = 49 + 131. Let o = i + -102. What are the prime factors of o?
2, 3, 13
Suppose -2*k - 2 = q, 2*q = 3*q + 5*k + 5. Suppose 0 = -4*l, 135 = 3*r + l - q*l. Suppose 7*g - r = 4*g. List the prime factors of g.
3, 5
Suppose -c = -16 - 7. Suppose -3*n - 16 = 2*g, c + 1 = -4*g - 4*n. List the prime factors of 64*4/(-16)*g.
2
Let x(i) = 14*i**2 - 11*i**2 - 5*i + 3 + i. List the prime factors of x(4).
5, 7
Suppose -4*f + 22 = 6. Suppose -2*q - 1 = -4*j + 1, 10 = -j + f*q. Suppose -j*w = -4*w + 32. List the prime factors of w.
2
Suppose -5*w = 3*m - 1371 - 106, 990 = 2*m + 2*w. Suppose -3*q = -5*r + m, -4*q = -2*r + 317 - 109. What are the prime factors of r?
2, 7
Suppose -g - 4*g = 4*z - 17, g + 14 = 5*z. List the prime factors of ((-4)/z)/((-3)/171).
2, 19
Let s(r) be the second derivative of 2*r**4/3 - 4*r**3/3 - r**2/2 + 29*r. List the prime factors of s(-5).
239
Suppose -490 = -5*x + 390. What are the prime factors of x?
2, 11
Let d(a) = -4*a - 40. Let o be d(-8). Let l(p) = -5*p - 24. Let q(k) = 2*k + 12. Let t(z) = 3*l(z) + 5*q(z). List the prime factors of t(o).
2, 7
Let p(s) = 29*s + 4. Let a be p(1). What are the prime factors of 147*(a/(-9) - -4)?
7
Let v(c) = -6*c**3 - 6*c**2 - c - 2. Let n be v(-3). Suppose 0 = s - 3*f - n, -112 = 4*s - 5*s + 2*f. List the prime factors of s.
2, 59
Suppose v + 9 = 4, 0 = -3*n + 5*v + 6820. List the prime factors of n.
3, 5, 151
Suppose -190 = -4*l + 2*u + 176, 4*u = -l + 105. Suppose -5*x = -l - 127. List the prime factors of x.
2, 11
Let z = 3764 + -740. List the prime factors of z.
2, 3, 7
Suppose 18 = -58*u + 61*u. Let p(g) = 10*g - 1. What are the prime factors of p(u)?
59
Suppose 0 = -3*k - 3*m + 6, -6*k + 4*m = -2*k + 8. Suppose -94*c + 99*c - 1700 = k. List the prime factors of c.
2, 5, 17
Let m = -29 - -36. Suppose -292 = -m*d + 254. List the prime factors of d.
2, 3, 13
What are the prime factors of 3 + (-18)/45*-5345?
2141
Suppose 0*r = 5*r + 3*l + 110, 5*l = -r. Let c be (-4)/10 - 85/r. What are the prime factors of c - -20 - 0/3?
23
Suppose 28*m + 26 = 26*m. Let k(h) = -h**3 - 12*h**2 + 8*h - 3. List the prime factors of k(m).
2, 31
Suppose 0 = 2*j - 4*j. Suppose 2*t + b + 192 = 4*t, j = 2*t + 3*b - 192. Suppose 0 = y + 3*y - t. List the prime factors of y.
2, 3
Let l(k) = k**2 + 8*k - 19. Let g be ((-289)/(-34))/((-2)/4). List the prime factors of l(g).
2, 67
Let k = 7 + 2. Suppose 0 = -10*q + 15*q - 80. Let y = q - k. What are the prime factors of y?
7
Suppose -2*b - 5*g + 0*g = -70, -5*b - 5*g + 145 = 0. Let x = 110 - b. List the prime factors of x.
5, 17
Let q(d) = -6*d - d**3 + 6*d**2 - d**2 + 3 + 4 + 0*d**3. What are the prime factors of q(3)?
7
Let n be (-4 - -4) + 10/2. Suppose -2*y - 198 = 8*k - 3*k, 2*y - 202 = n*k. Let o = -23 - k. List the prime factors of o.
17
Let r = -15 + 170. List the prime factors of r - (-5 + (-1 - -3)).
2, 79
Let l(g) = -7 - 10*g + 1 - 46*g - 2. List the prime factors of l(-1).
2, 3
Suppose 332 = 2*m - 5*w, -47*w + 51*w + 336 = 2*m. What are the prime factors of m?
2, 11
Let t be ((18/(-4))/9)/((-1)/10). Suppose t*s - 720 = -s. What are the prime factors of s?
2, 3, 5
Suppose 2*r + 7 = 3. Let o be (3/r)/((-12)/16). Suppose o*v - 6*v + 76 = 0. List the prime factors of v.
19
Let u = -298 + 1190. List the prime factors of u.
2, 223
Let m = -2570 - -4108. What are the prime factors of m?
2, 769
Let w = 4586 + 1512. What are the prime factors of w?
2, 3049
Let n = -4 + 0. Let s(x) be the second derivative of -2*x**3/3 + 9*x**2/2 + 3*x + 1. What are the prime factors of s(n)?
5
Let v(p) = 11*p**3 - 1. Let a be v(1). Suppose -4*s + 4 = -8. Let z = a - s. List the prime factors of z.
7
Suppose 15*x + 986 - 3281 = 0. List the prime factors of x.
3, 17
Let h(v) = 372*v**2 + 2*v - 1. List the prime factors of h(1).
373
Let q(w) = -2527*w - 163. List the prime factors of q(-2).
67, 73
Let t = 73 - 73. Suppose t*i = 4*i - 76. List the prime factors of i.
19
Let b(k) = 4*k**2 + 3*k - 2. Let o be b(1). Suppose -3*n = -o - 202. List the prime factors of n.
3, 23
Let n = 34 - 34. Suppose n = -3*p - s + 311 - 33, -3*s + 466 = 5*p. What are the prime factors of p?
2, 23
Let b = 307 + -167. Suppose -b = -5*d + 80. List the prime factors of d.
2, 11
Let a = 6832 + -4628. List the prime factors of a.
2, 19, 29
List the prime factors of (0 + (-4776)/16)*-10.
3, 5, 199
Suppose 971 = -9*a + 3005. What are the prime factors of a?
2, 113
Let n(m) = -4*m**2 + 51*m - 278. Let p(y) = -y**2 + 17*y - 93. Let w(x) = -2*n(x) + 7*p(x). List the prime factors of w(-29).
11, 23
Let t = 753 - 66. What are the prime factors of t?
3, 229
Let l(g) = 6*g - 27. Suppose 4*h - 40 = -4*o, 5*h + 0*o = 5*o + 30. What are the prime factors of l(h)?
3, 7
Suppose -5*h + 3318 = -3272. List the prime factors of h.
2, 659
Let s be (-32)/(-4) - (-1 - 0). Let z = -4 + s. Suppose 0 = z*a - 29 - 6. What are the prime factors of a?
7
Let l = 454 - 295. Let u be (47*2)/(-1) - 0. Let p = l + u. What are the prime factors of p?
5, 13
List the prime factors of 2103 + -16 + 10 + 2.
2099
Suppose 6*n = 234 + 12. Let y = -61 + n. What are the prime factors of 70/3*(-24)/y?
2, 7
Suppose 10682 + 17115 = 11*o. What are the prime factors of o?
7, 19
Let k(m) = 2*m - 2. Let l be k(2). Suppose t = 5*o - 309, -l*o + 240 = 2*o + t. What are the prime factors of o?
61
Suppose -44*z + 47*z = 0. List the prime factors of (-2)/10*z - -118.
2, 59
Let t(d) = -2*d**3 + 19*d**2 - 5*d - 12. List the prime factors of t(8).
2, 5, 7
Suppose 5994 = -12*p + 48186. List the prime factors of p.
2, 3, 293
Let j(d) = d**2 - 6*d. Let n be j(-5). Suppose 5*k = 5*m - 0*k - n, -41 = -4*m + k. List the prime factors of m.
2, 5
Suppose 3*c + 5*z - 50 = -15, 20 = 5*z. Suppose -3*y + 28 = -r, -3*y + 7 = -c*r - 1. Let d = y + 29. What are the prime factors of d?
2, 5
Let a be ((-85)/10)/((-2)/(-4)). Let k = -14 - a. Suppose -g - 4*g + 157 = 3*w, -k*g = 3*w - 153. List the prime factors of w.
7
Suppose 3*q = k + 303, 4*k + 92 + 1092 = 5*q. Let u = k - -165. List the prime factors of (10/(-4) + 2)*u.
3, 7
Let j be (2553/(-46))/((-1)/2). Suppose 2*f + j = 3*f. What are the prime factors of f?
3, 37
List the prime factors of (-103676)/(-28) + (80/35 - 2).
7, 23
Let f(y) = -y**3 + 6*y**2 + 6*y + 5. Let p be f(5). What are the prime factors of (-4)/((-12)/3)*p?
2, 3, 5
Suppose 5*g - 3*z - 1163 = 488, 4*g + 5*z = 1306. Let t = g - 199. List the prime factors of t.
2, 5, 13
Let f(i) = i**3 - 11*i**2 + 9*i + 12. Let l be f(10). Let j(z) = 8*z**2 + 4 + 0 - 9*z**l - 3 + 14*z. List the prime factors of j(13).
2, 7
Let g(p) = p - 9. Let d(t) = -4*t + 35. Let i(z) = -2*d(z) - 9*g(z). Let f be i(13). What are the prime factors of (f + 25)*(5 + -4)?
23
Suppose 4*l